site number?
True
Is 41749 a prime number?
False
Is 6179 a prime number?
False
Is 85513 a prime number?
True
Is 1121271 a prime number?
False
Is 1073869 a prime number?
True
Is 132019 a composite number?
False
Is 19531 composite?
False
Is 9235 prime?
False
Is 136879 a prime number?
True
Is 155003 a prime number?
True
Is 210391 composite?
False
Is 1643095 composite?
True
Is 130069 a prime number?
True
Is 587143 composite?
False
Is 35809 a prime number?
True
Is 3004691 prime?
False
Is 2559937 composite?
False
Is 23245 a prime number?
False
Is 525127 composite?
False
Is 31677 a prime number?
False
Is 1361 a composite number?
False
Is 16183 a composite number?
False
Is 113341 a composite number?
False
Is 11579 a composite number?
False
Is 415 a prime number?
False
Is 5539 a composite number?
True
Is 7753 prime?
True
Is 2053 a prime number?
True
Is 60349 a composite number?
True
Is 624289 composite?
True
Is 51577 prime?
True
Is 6341 a prime number?
False
Is 75427 a prime number?
False
Is 19907 prime?
False
Is 185221 a composite number?
False
Is 17609 a composite number?
False
Is 62459 a composite number?
False
Is 27611 a composite number?
False
Is 2195 a prime number?
False
Is 19387 composite?
False
Is 520787 a prime number?
True
Is 37481 composite?
True
Is 14591 prime?
True
Is 1459 composite?
False
Is 9493 composite?
True
Is 1165 prime?
False
Is 3635 a composite number?
True
Is 395039 composite?
False
Is 16609 composite?
True
Is 273059 a prime number?
True
Is 4201 prime?
True
Is 17429 a prime number?
False
Is 57283 a prime number?
True
Is 39019 a prime number?
True
Is 648013 prime?
False
Is 292399 a prime number?
False
Is 379711 a prime number?
False
Is 9005 composite?
True
Is 31687 a prime number?
True
Is 29411 a prime number?
True
Is 11131 a prime number?
True
Is 80029 a composite number?
True
Is 361687 prime?
True
Is 501173 a composite number?
False
Is 65089 composite?
False
Is 124363 composite?
False
Is 29411 a composite number?
False
Is 12197 composite?
False
Is 28555 composite?
True
Is 83689 a prime number?
True
Is 145021 a prime number?
True
Is 34973 composite?
True
Is 29077 a prime number?
True
Is 30817 a prime number?
True
Is 178831 prime?
True
Is 337 a prime number?
True
Is 40343 a composite number?
False
Is 146279 a prime number?
False
Is 851 a prime number?
False
Is 43487 a composite number?
False
Is 8345 composite?
True
Is 247385 prime?
False
Is 37031 prime?
False
Is 30565 composite?
True
Is 361613 a prime number?
False
Is 8887 composite?
False
Is 14591 a composite number?
False
Is 48989 a prime number?
True
Is 97294 a composite number?
True
Is 2923 prime?
False
Is 1216937 a composite number?
False
Is 3036797 prime?
True
Is 122471 a composite number?
False
Is 364373 composite?
False
Is 438587 a composite number?
True
Is 769 prime?
True
Is 164311 a composite number?
True
Is 226805 composite?
True
Is 19769 a composite number?
True
Is 777301 composite?
True
Is 229521 prime?
False
Is 37457 prime?
False
Is 15 prime?
False
Is 12811 prime?
False
Is 8141 composite?
True
Is 137029 composite?
False
Is 313763 a composite number?
False
Is 1428951 a prime number?
False
Is 28343 a prime number?
False
Is 125815 prime?
False
Is 1511 prime?
True
Is 3409 prime?
False
Is 4201 a prime number?
True
Is 5261 a composite number?
False
Is 19559 a prime number?
True
Is 44279 prime?
True
Is 108707 composite?
False
Is 25903 a composite number?
False
Is 361066 prime?
False
Is 584407 a composite number?
True
Is 1369499 a composite number?
False
Is 11465 a composite number?
True
Is 372101 composite?
True
Is 90821 prime?
True
Is 4854147 a prime number?
False
Is 705751 a composite number?
False
Is 20593 composite?
False
Is 82963 prime?
True
Is 11303 prime?
False
Is 460771 composite?
False
Is 6247 prime?
True
Is 19631 prime?
False
Is 111379 a composite number?
True
Is 38138 a composite number?
True
Is 14765 a prime number?
False
Is 3343 composite?
False
Is 1901 composite?
False
Is 53683 a composite number?
True
Is 11443 a composite number?
False
Is 3779 a composite number?
False
Is 22993 composite?
False
Is 38507 a composite number?
True
Is 70113 prime?
False
Is 109049 a prime number?
True
Is 453511 composite?
True
Is 31847 prime?
True
Is 2861 prime?
True
Is 1171 composite?
False
Is 30611 a prime number?
False
Is 15185 a prime number?
False
Is 23381 prime?
False
Is 141413 prime?
True
Is 94137 a composite number?
True
Is 42157 a prime number?
True
Is 165766 a composite number?
True
Is 553 a composite number?
True
Is 6613 a composite number?
True
Is 202183 composite?
False
Is 993 a composite number?
True
Is 7507 a prime number?
True
Is 8465 a composite number?
True
Is 44101 a prime number?
True
Is 10015 prime?
False
Is 2118581 a composite number?
False
Is 165799 a prime number?
True
Is 44169 composite?
True
Is 8803 composite?
False
Is 2927 prime?
True
Is 11057 prime?
True
Is 84857 a composite number?
False
Is 8278 a prime number?
False
Is 33701 composite?
True
Is 113395 prime?
False
Is 6609 a composite number?
True
Is 250673 a composite number?
False
Is 1943059 prime?
True
Is 8617 composite?
True
Is 38945 prime?
False
Is 50509 prime?
False
Is 98711 composite?
False
Is 67589 composite?
False
Is 21701 a prime number?
True
Is 4442 composite?
True
Is 10841 composite?
True
Is 1395263 a composite number?
False
Is 1797 prime?
False
Is 16369 a prime number?
True
Is 15787 prime?
True
Is 797 prime?
True
Is 4105 composite?
True
Is 748547 a prime number?
False
Is 582499 a composite number?
False
Is 757738 a prime number?
False
Is 37099 a composite number?
True
Is 2681 composite?
True
Is 4663 composite?
False
Is 7639 a prime number?
True
Is 437189 prime?
False
Is 195389 prime?
True
Is 44683 a prime number?
True
Is 315373 a composite number?
False
Is 73631 prime?
False
Is 1104917 a prime number?
False
Is 31397 prime?
True
Is 9239 a composite number?
False
Is 5939 composite?
False
Is 3007 a prime number?
False
Is 39607 composite?
False
Is 3037 a composite number?
False
Is 17521 prime?
False
Is 18269 prime?
True
Is 33323 prime?
False
Is 489227 prime?
False
Is 3781 composite?
True
Is 19853 a composite number?
False
Is 3947 composite?
False
Is 51031 composite?
False
Is 439063 prime?
True
Is 2833 composite?
False
Is 8659 a prime number?
False
Is 25043 prime?
False
Is 117053 a composite number?
False
Is 9619 composite?
False
Is 1657 prime?
True
Is 67 prime?
True
Is 13649 a composite number?
False
Is 1094939 composite?
False
Is 275603 a prime number?
False
Is 2845 a composite number?
True
Is 14951 a composite number?
False
Is 6843 composite?
True
Is 37523 prime?
False
Is 44989 a prime number?
False
Is 1133039 a composite number?
False
Is 83891 a composite number?
False
Is 9677 composite?
False
Is 2939 prime?
True
Is 985003 a prime number?
True
Is 1025093 a prime number?
True
Is 15349 a composite number?
False
Is 3389 a composite number?
False
Is 167747 composite?
False
Is 9961 prime?
False
Is 1817 a composite number?
True
Is 87911 composite?
False
Is 26033 a prime number?
False
Is 405785 a composite number?
True
Is 29269 a composite number?
False
Is 8123 a composite number?
False
Is 787 composite?
False
Is 184517 composite?
False
Is 1057807 a composite number?
False
Is 34015 a prime number?
False
Is 84262 a composite number?
True
Is 446981 prime?
False
Is 481615 a prime number?
False
Is 303593 a prime number?
True
Is 2257 a prime number?
False
Is 2110889 a prime number?
False
Is 12607 a prime number?
False
Is 3961 prime?
False
Is 11621 a composite number?
False
Is 185602 a prime number?
False
Is 19219 prime?
True
Is 37987 a prime number?
True
Is 121403 composite?
False
Is 2178823 composite?
False
Is 2939059 prime?
True
Is 28297 prime?
True
Is 18191 a composite number?
False
Is 16673 a composite number?
False
Is 37117 a composite number?
False
Is 192127 a prime number?
False
Is 109807 a composite number?
False
Is 52774 composite?
True
Is 15937 a prime number?
True
Is 13127 prime?
True
Is 487517 prime?
False
Is 16273 prime?
True
Is 25861 prime?
False
Is 1529 prime?
False
Is 34115 a composite number?
True
Is 13465 prime?
False
Is 8663 a prime number?
True
Is 74147 a prime number?
False
Is 6227 composite?
True
Is 106087 prime?
True
Is 26359 a composite number?
True
Is 253417 prime?
True
Is